site?
False
Let c be (0/9)/((24/3)/4). Suppose 2*u + h = -3*h + 2016, 4*u - 3*h - 3977 = c. Is u prime?
False
Let n(d) = 34*d**2 + 5*d - 165. Is n(-22) composite?
True
Let z(d) = d**3 + 3*d**2 - d - 1. Let f be z(-3). Is (-5903)/f*(-5 + 3) a composite number?
False
Let q(k) = -5 - 55*k - 14 - k**2 + 26. Is q(-30) a composite number?
False
Suppose c - 14 = -19. Is (-168582)/10*c/3 a composite number?
False
Suppose -2*c = -n + 2, -5*n - 5*c = -5 - 5. Suppose 2257 = -n*v - 5*q, -2*q - 2248 = v + v. Let j = 2092 + v. Is j a prime number?
True
Is (-1128)/(-141) + 0 + 14889 prime?
True
Is (5*63/(-210))/(9/(-3168102)) a prime number?
False
Let k be 2/(-4)*(-18 - -20). Let s be ((-24)/(-20))/(k/(-5)). Let n(f) = 2*f**3 - 4*f**2 + 2*f + 19. Is n(s) prime?
False
Suppose 0*g = -g - 415. Let y = 194 + g. Is (-2)/2*(10 + y) prime?
True
Suppose -38*l + 44*l = -534. Let q = 77 + l. Let j = 237 - q. Is j a composite number?
True
Let k(r) = 78040*r + 2303. Is k(2) prime?
False
Let h = -3275 + 2046. Let r = h - -597. Is (r - 20)*1/(-2) prime?
False
Let x be (-132)/22*1/2. Let a(m) = 23*m**2 - 3*m + 7. Is a(x) composite?
False
Is (3/((-6)/119914))/(329 - 330) composite?
False
Is -2039673*(2/12 - 91/182) prime?
True
Suppose -n + 2907 = 2*n. Suppose -5*a - n = -5989. Suppose 15*k + a = 19*k. Is k prime?
True
Suppose 10 + 50 = 15*o. Suppose 33746 = o*f + 9174. Is f prime?
True
Let r be (-6)/27 - 38/(-9). Suppose 4*x - 7*n + r*n = 299, 2*x = 2*n + 148. Is x prime?
False
Suppose -4509 = 5*p + 2*j - 577242, -5*p - j + 572734 = 0. Is p prime?
True
Suppose -x - 4*j = 2*x - 70045, -5*x + 3*j + 116790 = 0. Suppose 12*h + x = 80151. Is h prime?
True
Let t = 80 + -32. Suppose 10*i - 6*i = t. Suppose i*r = 20*r - 568. Is r composite?
False
Suppose 1587 = 3*c + 2*c - 4*n, 615 = 2*c + 5*n. Let m = c - 220. Let f = m - -20. Is f prime?
False
Let o(h) = h**2 - 4*h + 4. Let b be o(4). Let f(v) = 48*v**2 + 7*v - 2. Let a be f(-2). Is ((-146)/(-8))/(b/a) a prime number?
False
Suppose -3 = -3*t - 3*h, 0*t + 5*t - 4*h + 13 = 0. Let a(y) be the first derivative of 39*y**3 + y**2 - 2. Is a(t) prime?
False
Suppose 4965372 = 82*a - 12502186. Is a a prime number?
True
Suppose -107 + 119 = 3*i. Let d be 2/i*(-1 - -3979). Suppose -l + d = -n, -4378 - 1561 = -3*l - 4*n. Is l a prime number?
False
Let x be ((-3)/5)/(-2*(-1)/(-30)). Suppose 10633 = x*g - 7844. Is g a prime number?
True
Suppose 0 = -4*m + 4*w + 303504, 0 = -5*w + 4 + 31. Is m composite?
False
Suppose 2*m - 2 = 8. Let c = -873 - -879. Suppose 1043 = -x + c*x - 4*n, -2*x = m*n - 437. Is x composite?
False
Let j(k) = -k**3 - 12*k**2 - 23*k - 26. Let p be j(-10). Suppose -3*b = p*c - 18481, -4*b + 4 = 8. Is c composite?
False
Suppose 54*b - 52*b - 324387 = -5*t, 4*b = -5*t + 648749. Is b prime?
False
Suppose 0 = -3*x - 2*q + 13767, -x + 18358 = 3*x + 2*q. Let g be (9 + -6 - 7) + (20237 - -1). Suppose x = 15*t - g. Is t a composite number?
True
Let m(g) = -g - 1. Let r(n) = n**2 + n - 1. Let h(k) = 210*k**2 + 12*k + 5. Let b(l) = h(l) + 3*r(l). Let z(d) = b(d) + 3*m(d). Is z(-4) a composite number?
False
Let o = 36974 - 345. Is o prime?
True
Let q = -16304 + 80065. Is q composite?
False
Let k(u) = 4616*u**2 - 7*u - 7. Is k(-10) a composite number?
True
Let c be (3 + -4 + 0)/(3/28977). Let n = c + 16630. Is n composite?
False
Suppose -1956*v - 554543 = -1967*v. Is v a prime number?
False
Let m(k) = -12057*k**3 - 17*k**2 + 9*k + 9. Is m(-4) prime?
True
Suppose -6*q + 2*q + 3072 = 0. Suppose 3*p - 465 = -l - 2*l, 5*l = 2*p + q. Is (-28)/l - 3533/(-11) a composite number?
True
Suppose 0 = 34*g - 17*g - 12*g - 209395. Is g prime?
True
Let i = -765762 + 1168033. Is i a composite number?
True
Let g = 2498032 + -850189. Is g a composite number?
True
Let s(j) = 25*j**2 + 5*j + 47. Let k(y) = 22*y**2 + 4*y + 46. Let g(n) = -2*k(n) + 3*s(n). Is g(-13) a composite number?
False
Let m(z) = z**3 - 162*z**2 - 141*z + 463. Is m(168) a prime number?
False
Suppose -23 = -16*d + 9. Let g = 2100 + -70. Suppose -2*t + g + 373 = 5*z, d*z - 2*t - 950 = 0. Is z a prime number?
True
Let z be ((-19 - 3)/11)/(4/22). Let j(i) = -146*i - 71. Is j(z) composite?
True
Let v = 96931 - 40314. Is v composite?
True
Let m be (-2)/6 + (-11508)/(-18). Suppose -3*x - m - 3444 = 0. Let b = -916 - x. Is b composite?
True
Let d(n) = 30*n**2 - 14*n + 659. Is d(-55) a prime number?
True
Suppose -122*i + 55338710 = -86413 + 11964209. Is i a prime number?
False
Let v = 186179 - 82266. Is v prime?
True
Let u = -276680 + 504087. Is u composite?
False
Let d be (81 + (-6)/(-3))*47. Let b = -9671 + d. Is b/(((-3)/2)/(9/12)) a composite number?
True
Let m(n) = 460*n - 179. Let k(x) = -154*x + 60. Let t(v) = -8*k(v) - 3*m(v). Is t(-17) a composite number?
True
Suppose 0 = 5*j - 5*m + 22365, 2*j - 17*m + 8937 = -18*m. Let r = j + 6623. Is r composite?
False
Let k(a) be the second derivative of -7/12*a**4 - 17*a + 23/2*a**2 + 0 - 1/20*a**5 + 5/3*a**3. Is k(-10) a composite number?
False
Let q = 2819 + -2821. Let k(a) = 0 - 156*a - 2 - 3. Is k(q) composite?
False
Let j(r) = 1036*r - 5069. Is j(91) prime?
False
Suppose 4*w - 506 = 2*l, 2*w - 747 = 3*l + 32. Is l/((1 + 5)/6)*-13 composite?
True
Suppose 0 = -l - 3*o + 72673 - 17352, -2*o - 110658 = -2*l. Is l a composite number?
True
Let w(j) = j**3 + j**2 + 13*j + 88931. Is w(0) composite?
True
Let o(n) = -7095*n + 650. Is o(-41) a prime number?
False
Let r = 535 + -537. Is -43 + 44 - (0 + (r - 5124)) a prime number?
False
Let l(f) = 20*f + 8. Let d be l(-4). Let h be 7/14*(34 - -2). Is (-20792)/d - (-4)/h a prime number?
False
Suppose 2*b + 2*j = 3*b + 52, -b = -3*j + 50. Let k = -54 - b. Suppose -c - 2*a + 239 = -218, -k*c = 3*a - 909. Is c a prime number?
False
Suppose 0 = 3*a - 18 - 9. Let o = -1561 - -1568. Suppose 106 = -o*z + a*z. Is z a composite number?
False
Suppose -171*n = 5*v - 167*n - 578409, 0 = 5*v - 2*n - 578403. Is v a prime number?
False
Suppose -4*r + 2*x = 2462, 2*r + 6*x = 3*x - 1227. Let q = r - -1726. Is q a composite number?
True
Let k = -28704 + 51215. Is k a prime number?
True
Let i(s) = s**3 + 97*s**2 + 163*s - 823. Is i(-92) a composite number?
False
Let p(o) = 2*o. Let i(n) = -n + 1. Let r(q) = i(q) + p(q). Let c(h) = 43*h + 10. Let l(k) = c(k) - 3*r(k). Is l(11) prime?
False
Let d(m) = -8*m - 220. Let n be d(-28). Suppose 24*k - 444940 = n*k. Is k composite?
False
Let o be (-6700)/(-201) - (10/(-6) - -1). Suppose -139249 = o*m - 45*m. Is m a composite number?
False
Let b(x) = 39*x**3 + 2*x**2 + 22*x + 9. Let l be b(6). Let y = -1880 + l. Is y a prime number?
False
Let t be 60/9*2079/18. Suppose 75 = -5*l + t. Is l composite?
False
Is (-1)/(-2) + 840/(-252)*192630/(-8) prime?
True
Let o = -9 - -9. Let z(h) = -3*h + 278. Let l be z(o). Suppose d - 5*g = l, -d + 4*g = -254 - 28. Is d a composite number?
True
Let s(u) = -6*u**2 + 5*u - 6. Let h(w) = -2*w**2 - 2*w - 1. Let p(o) = -o**2 - o. Let m(n) = h(n) - 3*p(n). Let t(d) = -5*m(d) - s(d). Is t(12) a prime number?
False
Suppose 59*y = 53*y + 728934. Is y composite?
True
Suppose -12 = -5*a + 2*a. Suppose 0 = 2*t + 2*t - 1012. Suppose 5*l - 388 = -2*r, 5*r - 1256 = a*l - t. Is r a composite number?
False
Suppose -205541 = -4*f + 3*y, -5*f + 4*f = -y - 51386. Is f composite?
False
Suppose -4*w - 4*f = -17616, 12*f - 12 = 18*f. Is w a prime number?
False
Suppose 3*q - 819 = o, 5*q - 3211 = 4*o + 6*q. Let x be 6/(-33) + o/(-66). Suppose -7*h = -x*h + 3935. Is h a composite number?
False
Let q(u) be the third derivative of -47*u**7/720 - 41*u**6/720 + 3*u**5/10 + 3*u**2. Let r(h) be the third derivative of q(h). Is r(-12) composite?
False
Suppose -30*h + 29*h = -3*c - 34321, -3*h = -5*c - 102947. Is h a composite number?
True
Is (14/(11 + 3))/((-4)/(-171748)) composite?
False
Let y = -156 - -162. Let p(v) = 568*v - 43. Is p(y) prime?
False
Let a(l) = -l**2 + 12*l + 80. Let r be a(20). Suppose -4*t - 5*s = 861, s + 4*s + 219 = -t. Let b = r - t. Is b a composite number?
True
Suppose 0 = -432*u + 245834904 + 282451374 - 172958934. Is u a prime number?
True
Suppose 0 = w - 2*j + j - 37, 5*j + 5 = 0. Suppose -w*q = -41*q + 2935. Is q composite?
False
Let l(c) = 2*c**3 - 8*c**2 + 8*c - 4. Let j be l(3). Suppose -3*m - 2*m + 1465 = 0. Suppose j*x - m = x. Is x a prime 